{"version":"1.0","provider_name":"Photographic Centre Nykyaika","provider_url":"https:\/\/valokuvakeskusnykyaika.fi\/en","title":"ELOKUU: Viivi Nieminen - Valokuvakeskus Nykyaika","type":"rich","width":600,"height":338,"html":"<blockquote class=\"wp-embedded-content\" data-secret=\"KPB5HAXL8W\"><a href=\"https:\/\/valokuvakeskusnykyaika.fi\/en\/nieminen2017\/\">ELOKUU: Viivi Nieminen<\/a><\/blockquote><iframe sandbox=\"allow-scripts\" security=\"restricted\" src=\"https:\/\/valokuvakeskusnykyaika.fi\/en\/nieminen2017\/embed\/#?secret=KPB5HAXL8W\" width=\"600\" height=\"338\" title=\"&#8220;ELOKUU: Viivi Nieminen&#8221; &#8212; Valokuvakeskus Nykyaika\" data-secret=\"KPB5HAXL8W\" frameborder=\"0\" marginwidth=\"0\" marginheight=\"0\" scrolling=\"no\" class=\"wp-embedded-content\"><\/iframe><script type=\"text\/javascript\">\n\/* <![CDATA[ *\/\n\/*! This file is auto-generated *\/\n!function(d,l){\"use strict\";l.querySelector&&d.addEventListener&&\"undefined\"!=typeof URL&&(d.wp=d.wp||{},d.wp.receiveEmbedMessage||(d.wp.receiveEmbedMessage=function(e){var t=e.data;if((t||t.secret||t.message||t.value)&&!\/[^a-zA-Z0-9]\/.test(t.secret)){for(var s,r,n,a=l.querySelectorAll('iframe[data-secret=\"'+t.secret+'\"]'),o=l.querySelectorAll('blockquote[data-secret=\"'+t.secret+'\"]'),c=new RegExp(\"^https?:$\",\"i\"),i=0;i<o.length;i++)o[i].style.display=\"none\";for(i=0;i<a.length;i++)s=a[i],e.source===s.contentWindow&&(s.removeAttribute(\"style\"),\"height\"===t.message?(1e3<(r=parseInt(t.value,10))?r=1e3:~~r<200&&(r=200),s.height=r):\"link\"===t.message&&(r=new URL(s.getAttribute(\"src\")),n=new URL(t.value),c.test(n.protocol))&&n.host===r.host&&l.activeElement===s&&(d.top.location.href=t.value))}},d.addEventListener(\"message\",d.wp.receiveEmbedMessage,!1),l.addEventListener(\"DOMContentLoaded\",function(){for(var e,t,s=l.querySelectorAll(\"iframe.wp-embedded-content\"),r=0;r<s.length;r++)(t=(e=s[r]).getAttribute(\"data-secret\"))||(t=Math.random().toString(36).substring(2,12),e.src+=\"#?secret=\"+t,e.setAttribute(\"data-secret\",t)),e.contentWindow.postMessage({message:\"ready\",secret:t},\"*\")},!1)))}(window,document);\n\/\/# sourceURL=https:\/\/valokuvakeskusnykyaika.fi\/wp-includes\/js\/wp-embed.min.js\n\/* ]]> *\/\n<\/script>","thumbnail_url":"https:\/\/valokuvakeskusnykyaika.fi\/wp-content\/uploads\/2015\/10\/nieminen_viivi_instantkuva02-640x401.jpg","thumbnail_width":640,"thumbnail_height":401,"description":"Viivi Nieminen: 24\/25 Nykyajan katutason galleriassa 5. \u2013 28.8.2017 ma-pe 12-18, la-su 12-16 Viivi Niemisen n\u00e4yttely 24\/25 tarkastelee, mill\u00e4 tavoin p\u00e4ivitt\u00e4isest\u00e4 kellon siirt\u00e4misest\u00e4 johtuva \u201dliikkuva aika\u201d vaikuttaa ymp\u00e4rist\u00f6n kokemiseen ja havainnointiin. \u201cKev\u00e4\u00e4ll\u00e4 2016 suoritin Saksassa taiteilijaresidenssiss\u00e4 aikakokeen, jossa siirsin joka p\u00e4iv\u00e4 kelloa tunnin taaksep\u00e4in. Kellon siirt\u00e4misest\u00e4 huolimatta pidin yll\u00e4 rutiineja, jotka toistuivat samaan aikaan her\u00e4\u00e4misajankohdasta [&hellip;]"}

Viivi Nieminen: 24/25 Nykyajan katutason galleriassa 5. – 28.8.2017 ma-pe 12-18, la-su 12-16 Viivi Niemisen näyttely 24/25 tarkastelee, millä tavoin päivittäisestä kellon siirtämisestä johtuva ”liikkuva aika” vaikuttaa ympäristön kokemiseen ja havainnointiin. “Keväällä 2016 suoritin Saksassa taiteilijaresidenssissä aikakokeen, jossa siirsin joka päivä kelloa tunnin taaksepäin. Kellon siirtämisestä huolimatta pidin yllä rutiineja, jotka toistuivat samaan aikaan heräämisajankohdasta [&hellip;]
