{"version":"1.0","provider_name":"Photographic Centre Nykyaika","provider_url":"https:\/\/valokuvakeskusnykyaika.fi\/en","title":"Nykyajan tapahtumat - Valokuvakeskus Nykyaika","type":"rich","width":600,"height":338,"html":"<blockquote class=\"wp-embedded-content\" data-secret=\"gkP4XZRKcR\"><a href=\"https:\/\/valokuvakeskusnykyaika.fi\/en\/nykyajan-tapahtumat\/\">Events at Nykyaika<\/a><\/blockquote><iframe sandbox=\"allow-scripts\" security=\"restricted\" src=\"https:\/\/valokuvakeskusnykyaika.fi\/en\/nykyajan-tapahtumat\/embed\/#?secret=gkP4XZRKcR\" width=\"600\" height=\"338\" title=\"&#8220;Nykyajan tapahtumat&#8221; &#8212; Valokuvakeskus Nykyaika\" data-secret=\"gkP4XZRKcR\" frameborder=\"0\" marginwidth=\"0\" marginheight=\"0\" scrolling=\"no\" class=\"wp-embedded-content\"><\/iframe><script type=\"text\/javascript\">\n\/* <![CDATA[ *\/\n\/*! This file is auto-generated *\/\n!function(d,l){\"use strict\";l.querySelector&&d.addEventListener&&\"undefined\"!=typeof URL&&(d.wp=d.wp||{},d.wp.receiveEmbedMessage||(d.wp.receiveEmbedMessage=function(e){var t=e.data;if((t||t.secret||t.message||t.value)&&!\/[^a-zA-Z0-9]\/.test(t.secret)){for(var s,r,n,a=l.querySelectorAll('iframe[data-secret=\"'+t.secret+'\"]'),o=l.querySelectorAll('blockquote[data-secret=\"'+t.secret+'\"]'),c=new RegExp(\"^https?:$\",\"i\"),i=0;i<o.length;i++)o[i].style.display=\"none\";for(i=0;i<a.length;i++)s=a[i],e.source===s.contentWindow&&(s.removeAttribute(\"style\"),\"height\"===t.message?(1e3<(r=parseInt(t.value,10))?r=1e3:~~r<200&&(r=200),s.height=r):\"link\"===t.message&&(r=new URL(s.getAttribute(\"src\")),n=new URL(t.value),c.test(n.protocol))&&n.host===r.host&&l.activeElement===s&&(d.top.location.href=t.value))}},d.addEventListener(\"message\",d.wp.receiveEmbedMessage,!1),l.addEventListener(\"DOMContentLoaded\",function(){for(var e,t,s=l.querySelectorAll(\"iframe.wp-embedded-content\"),r=0;r<s.length;r++)(t=(e=s[r]).getAttribute(\"data-secret\"))||(t=Math.random().toString(36).substring(2,12),e.src+=\"#?secret=\"+t,e.setAttribute(\"data-secret\",t)),e.contentWindow.postMessage({message:\"ready\",secret:t},\"*\")},!1)))}(window,document);\n\/\/# sourceURL=https:\/\/valokuvakeskusnykyaika.fi\/wp-includes\/js\/wp-embed.min.js\n\/* ]]> *\/\n<\/script>","description":"&nbsp; Nykyaikaan on aina maksuton sis\u00e4\u00e4np\u00e4\u00e4sy. Tervetuloa! HALUATKO TEHD\u00c4 YHTEISTY\u00d6T\u00c4? Galleriassamme pyrit\u00e4\u00e4n j\u00e4rjest\u00e4m\u00e4\u00e4n oheisohjelmaa joka kuukausi.Joskus tapahtumat tehd\u00e4\u00e4n pitk\u00e4ll\u00e4 harkinnalla, toisinaan nopeasti kokeillen. J\u00e4rjest\u00e4mme tapahtumia yhteisty\u00f6ss\u00e4 taiteilijoiden ja eri organisaatioiden kanssa, mm. taiteilijatapaamisia, luentoja, ty\u00f6pajoja ja seminaareja. Mik\u00e4li olet valokuvasta ja visuaalisesta kulttuurista kiinnostunut kulttuuritoimija Pirkanmaalla ja sinulla on idea kiinnostavasta tapahtumasta, ota yhteytt\u00e4 toiminnanjohtajaamme. [&hellip;]","thumbnail_url":"https:\/\/valokuvakeskusnykyaika.fi\/wp-content\/uploads\/2025\/10\/Instagram-postaus-Annikki-goes-Nykyaika_300px.jpg","thumbnail_width":300,"thumbnail_height":375}

&nbsp; Nykyaikaan on aina maksuton sisäänpääsy. Tervetuloa! HALUATKO TEHDÄ YHTEISTYÖTÄ? Galleriassamme pyritään järjestämään oheisohjelmaa joka kuukausi.Joskus tapahtumat tehdään pitkällä harkinnalla, toisinaan nopeasti kokeillen. Järjestämme tapahtumia yhteistyössä taiteilijoiden ja eri organisaatioiden kanssa, mm. taiteilijatapaamisia, luentoja, työpajoja ja seminaareja. Mikäli olet valokuvasta ja visuaalisesta kulttuurista kiinnostunut kulttuuritoimija Pirkanmaalla ja sinulla on idea kiinnostavasta tapahtumasta, ota yhteyttä toiminnanjohtajaamme. [&hellip;]
