{"version":"1.0","provider_name":"Photographic Centre Nykyaika","provider_url":"https:\/\/valokuvakeskusnykyaika.fi\/en","title":"Nykyajan n\u00e4yttelyt syyskaudella 2017 - Valokuvakeskus Nykyaika","type":"rich","width":600,"height":338,"html":"<blockquote class=\"wp-embedded-content\" data-secret=\"sfEnUwO7TZ\"><a href=\"https:\/\/valokuvakeskusnykyaika.fi\/en\/syys2017\/\">Nykyajan n\u00e4yttelyt syyskaudella 2017<\/a><\/blockquote><iframe sandbox=\"allow-scripts\" security=\"restricted\" src=\"https:\/\/valokuvakeskusnykyaika.fi\/en\/syys2017\/embed\/#?secret=sfEnUwO7TZ\" width=\"600\" height=\"338\" title=\"&#8220;Nykyajan n\u00e4yttelyt syyskaudella 2017&#8221; &#8212; Valokuvakeskus Nykyaika\" data-secret=\"sfEnUwO7TZ\" frameborder=\"0\" marginwidth=\"0\" marginheight=\"0\" scrolling=\"no\" class=\"wp-embedded-content\"><\/iframe><script type=\"text\/javascript\">\n\/* <![CDATA[ *\/\n\/*! This file is auto-generated *\/\n!function(d,l){\"use strict\";l.querySelector&&d.addEventListener&&\"undefined\"!=typeof URL&&(d.wp=d.wp||{},d.wp.receiveEmbedMessage||(d.wp.receiveEmbedMessage=function(e){var t=e.data;if((t||t.secret||t.message||t.value)&&!\/[^a-zA-Z0-9]\/.test(t.secret)){for(var s,r,n,a=l.querySelectorAll('iframe[data-secret=\"'+t.secret+'\"]'),o=l.querySelectorAll('blockquote[data-secret=\"'+t.secret+'\"]'),c=new RegExp(\"^https?:$\",\"i\"),i=0;i<o.length;i++)o[i].style.display=\"none\";for(i=0;i<a.length;i++)s=a[i],e.source===s.contentWindow&&(s.removeAttribute(\"style\"),\"height\"===t.message?(1e3<(r=parseInt(t.value,10))?r=1e3:~~r<200&&(r=200),s.height=r):\"link\"===t.message&&(r=new URL(s.getAttribute(\"src\")),n=new URL(t.value),c.test(n.protocol))&&n.host===r.host&&l.activeElement===s&&(d.top.location.href=t.value))}},d.addEventListener(\"message\",d.wp.receiveEmbedMessage,!1),l.addEventListener(\"DOMContentLoaded\",function(){for(var e,t,s=l.querySelectorAll(\"iframe.wp-embedded-content\"),r=0;r<s.length;r++)(t=(e=s[r]).getAttribute(\"data-secret\"))||(t=Math.random().toString(36).substring(2,12),e.src+=\"#?secret=\"+t,e.setAttribute(\"data-secret\",t)),e.contentWindow.postMessage({message:\"ready\",secret:t},\"*\")},!1)))}(window,document);\n\/\/# sourceURL=https:\/\/valokuvakeskusnykyaika.fi\/wp-includes\/js\/wp-embed.min.js\n\/* ]]> *\/\n<\/script>","thumbnail_url":"https:\/\/valokuvakeskusnykyaika.fi\/wp-content\/uploads\/2015\/10\/kaarsalo_pariisilaiskortteli-kalevan-karkeen.jpg","thumbnail_width":1181,"thumbnail_height":839,"description":"Syyskaudella 2017 \u2013 hein\u00e4kuusta jouluun \u2013 Valokuvakeskus Nykyajassa on 10 n\u00e4yttely\u00e4, 24 tekij\u00e4n voimin. Hein\u00e4kuussa Nykyajassa on myyntin\u00e4yttely, josta teokset saa mukaansa saman tein. T\u00e4ll\u00e4 toivomme palvelevamme erityisesti kes\u00e4turisteja, jotka lomailevat kauniissa kaupungissamme. Syksyn p\u00e4\u00e4tapahtumamme on Backlight Photo Festival, joka juhlii 30-vuotista olemassaoloaan. Nykyajassa on esill\u00e4 kaksi festivaalin 22 taiteilijasta; muut gallerian\u00e4yttelyt ovat esill\u00e4 viereisess\u00e4 [&hellip;]"}

Nykyajan näyttelyt syyskaudella 2017 - Valokuvakeskus Nykyaika

<blockquote class="wp-embedded-content" data-secret="sfEnUwO7TZ"><a href="https://valokuvakeskusnykyaika.fi/en/syys2017/">Nykyajan näyttelyt syyskaudella 2017</a></blockquote><iframe sandbox="allow-scripts" security="restricted" src="https://valokuvakeskusnykyaika.fi/en/syys2017/embed/#?secret=sfEnUwO7TZ" width="600" height="338" title="&#8220;Nykyajan näyttelyt syyskaudella 2017&#8221; &#8212; Valokuvakeskus Nykyaika" data-secret="sfEnUwO7TZ" frameborder="0" marginwidth="0" marginheight="0" scrolling="no" class="wp-embedded-content"></iframe><script type="text/javascript">
/* <![CDATA[ */
/*! This file is auto-generated */
!function(d,l){"use strict";l.querySelector&&d.addEventListener&&"undefined"!=typeof URL&&(d.wp=d.wp||{},d.wp.receiveEmbedMessage||(d.wp.receiveEmbedMessage=function(e){var t=e.data;if((t||t.secret||t.message||t.value)&&!/[^a-zA-Z0-9]/.test(t.secret)){for(var s,r,n,a=l.querySelectorAll('iframe[data-secret="'+t.secret+'"]'),o=l.querySelectorAll('blockquote[data-secret="'+t.secret+'"]'),c=new RegExp("^https?:$","i"),i=0;i<o.length;i++)o[i].style.display="none";for(i=0;i<a.length;i++)s=a[i],e.source===s.contentWindow&&(s.removeAttribute("style"),"height"===t.message?(1e3<(r=parseInt(t.value,10))?r=1e3:~~r<200&&(r=200),s.height=r):"link"===t.message&&(r=new URL(s.getAttribute("src")),n=new URL(t.value),c.test(n.protocol))&&n.host===r.host&&l.activeElement===s&&(d.top.location.href=t.value))}},d.addEventListener("message",d.wp.receiveEmbedMessage,!1),l.addEventListener("DOMContentLoaded",function(){for(var e,t,s=l.querySelectorAll("iframe.wp-embedded-content"),r=0;r<s.length;r++)(t=(e=s[r]).getAttribute("data-secret"))||(t=Math.random().toString(36).substring(2,12),e.src+="#?secret="+t,e.setAttribute("data-secret",t)),e.contentWindow.postMessage({message:"ready",secret:t},"*")},!1)))}(window,document);
//# sourceURL=https://valokuvakeskusnykyaika.fi/wp-includes/js/wp-embed.min.js
/* ]]> */
</script>

Syyskaudella 2017 – heinäkuusta jouluun – Valokuvakeskus Nykyajassa on 10 näyttelyä, 24 tekijän voimin. Heinäkuussa Nykyajassa on myyntinäyttely, josta teokset saa mukaansa saman tein. Tällä toivomme palvelevamme erityisesti kesäturisteja, jotka lomailevat kauniissa kaupungissamme. Syksyn päätapahtumamme on Backlight Photo Festival, joka juhlii 30-vuotista olemassaoloaan. Nykyajassa on esillä kaksi festivaalin 22 taiteilijasta; muut gallerianäyttelyt ovat esillä viereisessä [&hellip;]
