{"version":"1.0","provider_name":"Photographic Centre Nykyaika","provider_url":"https:\/\/valokuvakeskusnykyaika.fi\/en","title":"TAMMIKUU: Kira Leskinen - Valokuvakeskus Nykyaika","type":"rich","width":600,"height":338,"html":"<blockquote class=\"wp-embedded-content\" data-secret=\"1ZXBoHBE85\"><a href=\"https:\/\/valokuvakeskusnykyaika.fi\/en\/tammikuu2018-leskinen\/\">TAMMIKUU: Kira Leskinen<\/a><\/blockquote><iframe sandbox=\"allow-scripts\" security=\"restricted\" src=\"https:\/\/valokuvakeskusnykyaika.fi\/en\/tammikuu2018-leskinen\/embed\/#?secret=1ZXBoHBE85\" width=\"600\" height=\"338\" title=\"&#8220;TAMMIKUU: Kira Leskinen&#8221; &#8212; Valokuvakeskus Nykyaika\" data-secret=\"1ZXBoHBE85\" frameborder=\"0\" marginwidth=\"0\" marginheight=\"0\" scrolling=\"no\" class=\"wp-embedded-content\"><\/iframe><script type=\"text\/javascript\">\n\/* <![CDATA[ *\/\n\/*! This file is auto-generated *\/\n!function(d,l){\"use strict\";l.querySelector&&d.addEventListener&&\"undefined\"!=typeof URL&&(d.wp=d.wp||{},d.wp.receiveEmbedMessage||(d.wp.receiveEmbedMessage=function(e){var t=e.data;if((t||t.secret||t.message||t.value)&&!\/[^a-zA-Z0-9]\/.test(t.secret)){for(var s,r,n,a=l.querySelectorAll('iframe[data-secret=\"'+t.secret+'\"]'),o=l.querySelectorAll('blockquote[data-secret=\"'+t.secret+'\"]'),c=new RegExp(\"^https?:$\",\"i\"),i=0;i<o.length;i++)o[i].style.display=\"none\";for(i=0;i<a.length;i++)s=a[i],e.source===s.contentWindow&&(s.removeAttribute(\"style\"),\"height\"===t.message?(1e3<(r=parseInt(t.value,10))?r=1e3:~~r<200&&(r=200),s.height=r):\"link\"===t.message&&(r=new URL(s.getAttribute(\"src\")),n=new URL(t.value),c.test(n.protocol))&&n.host===r.host&&l.activeElement===s&&(d.top.location.href=t.value))}},d.addEventListener(\"message\",d.wp.receiveEmbedMessage,!1),l.addEventListener(\"DOMContentLoaded\",function(){for(var e,t,s=l.querySelectorAll(\"iframe.wp-embedded-content\"),r=0;r<s.length;r++)(t=(e=s[r]).getAttribute(\"data-secret\"))||(t=Math.random().toString(36).substring(2,12),e.src+=\"#?secret=\"+t,e.setAttribute(\"data-secret\",t)),e.contentWindow.postMessage({message:\"ready\",secret:t},\"*\")},!1)))}(window,document);\n\/\/# sourceURL=https:\/\/valokuvakeskusnykyaika.fi\/wp-includes\/js\/wp-embed.min.js\n\/* ]]> *\/\n<\/script>","description":"TAMMIKUU 2018 Kira Leskinen Morri\u00f1a 6.-29.1. 2018 Nykyajan katutason galleriassa Kira Leskisen n\u00e4yttely Morri\u00f1a koostuu tasoskannerilla luodusta teoskokonaisuudesta. Kuvien raakamateriaalina on k\u00e4ytetty papereita ja pahveja, joista leikatuilla ja revityill\u00e4 muodoilla Leskinen on luonnostellut kuvat skannerin lasitasolle. Valokuvakeskus Nykyajassa esill\u00e4 olevassa n\u00e4yttelykokonaisuudessa intensiiviset v\u00e4rit rinnastuvat ensimm\u00e4ist\u00e4 kertaa my\u00f6s Leskisen mustavalkoisiin teoksiin. Teossarjan ilmaisulliset vaikutteet ammentavat niin [&hellip;]","thumbnail_url":"http:\/\/valokuvakeskusnykyaika.fi\/wp-content\/uploads\/2017\/12\/Kira_Leskinen_Morrina_2016WEB-213x300.jpg"}

TAMMIKUU 2018 Kira Leskinen Morriña 6.-29.1. 2018 Nykyajan katutason galleriassa Kira Leskisen näyttely Morriña koostuu tasoskannerilla luodusta teoskokonaisuudesta. Kuvien raakamateriaalina on käytetty papereita ja pahveja, joista leikatuilla ja revityillä muodoilla Leskinen on luonnostellut kuvat skannerin lasitasolle. Valokuvakeskus Nykyajassa esillä olevassa näyttelykokonaisuudessa intensiiviset värit rinnastuvat ensimmäistä kertaa myös Leskisen mustavalkoisiin teoksiin. Teossarjan ilmaisulliset vaikutteet ammentavat niin [&hellip;]
